8467. Determine x(-710).
7
Let v(x) = 1918*x - 538966. Determine v(281).
-8
Let y(b) = -23*b**2 - 1555*b + 614. Calculate y(-68).
2
Let n(l) = -410*l - 5206. Calculate n(-12).
-286
Let x(u) = -10612*u - 32021. Give x(-3).
-185
Let a(r) = 5*r**3 + 5*r**2 + 29*r + 21. Determine a(-4).
-335
Let c(p) = 116*p**2 + 567*p + 8. Give c(-5).
73
Let l(k) = 20*k**3 - 1258*k**2 - 131*k + 394. Determine l(63).
79
Let x(f) = -25*f**2 + 7159*f - 580. What is x(287)?
-5172
Let l(o) = -853553*o - 18778163. Determine l(-22).
3
Let g(h) = 541*h - 159363. Calculate g(295).
232
Let a(s) = 21215*s - 509165. Determine a(24).
-5
Let n(k) = -26*k**2 - 143*k - 816. Calculate n(-6).
-894
Let k(c) = -c**3 - 91*c**2 - 1472*c - 140. What is k(-70)?
0
Let x(j) = -3*j**2 - 111*j + 434. Calculate x(-41).
-58
Let p(w) = 233*w - 6784. What is p(33)?
905
Let r(f) = -1121*f**2 + 338543*f - 216. Calculate r(302).
86
Let p(n) = 66*n**2 + 222*n - 31. Give p(-4).
137
Let a(g) = -36842*g + 73712. What is a(2)?
28
Let g(u) = -481*u - 2153. What is g(-5)?
252
Let s(q) = -260*q + 27590. What is s(106)?
30
Let s(k) = k**3 + 141*k**2 - 847*k - 182. What is s(6)?
28
Let b(w) = -84*w**2 + 1326*w - 995. Give b(15).
-5
Let p(d) = 3057*d + 137565. Give p(-45).
0
Let h(o) = -18664*o - 93518. Give h(-5).
-198
Let a(w) = -w**3 - 45*w**2 + 495*w + 26930. What is a(-40)?
-870
Let o(c) = -373*c - 2415. Determine o(-7).
196
Let b(v) = -v**3 - 131*v**2 + 278*v - 35371. Determine b(-135).
-1
Let z(p) = 623*p + 8548. Give z(-8).
3564
Let i(n) = n**2 + 41272*n + 577592. Calculate i(-14).
-20
Let c(g) = -142*g**2 - 931*g - 1864. Determine c(-2).
-570
Let n(p) = -p**3 - 47*p**2 + 980*p + 122. What is n(16)?
-326
Let p(q) = 6374*q - 720357. Calculate p(113).
-95
Let f(l) = 5*l**2 - 184*l - 547. What is f(-3)?
50
Let g(y) = 81*y - 81896. Determine g(1011).
-5
Let w(r) = r**3 - 224*r**2 - 573*r - 24501. Determine w(227).
15
Let v(r) = r**3 + 71*r**2 + 1373*r + 4058. Give v(-36).
-10
Let b(o) = 426*o - 9505. Give b(22).
-133
Let z(k) = 30*k**2 - 987*k - 1078. Calculate z(34).
44
Let k(r) = 264*r**3 + r**2 + 7844*r - 7846. Give k(1).
263
Let m(k) = -k**3 + 136*k**2 + 159413*k - 5672. Calculate m(473).
4
Let m(f) = -f**3 + 8*f**2 - 475*f + 5552. Determine m(11).
-36
Let w(l) = -78*l**2 - 3820*l + 36. Calculate w(-49).
-62
Let q(x) = x**3 - 80*x**2 + 358*x - 216. Give q(4).
0
Let y(g) = -51*g - 5515. Determine y(-150).
2135
Let r(c) = -7*c**3 - 351*c**2 - 14*c + 1922. What is r(-50)?
122
Let p(w) = -15*w**2 - 144*w + 584. Give p(3).
17
Let x(m) = 555161*m + 3330951. Determine x(-6).
-15
Let a(l) = -266*l**2 - 2836*l - 2835. Determine a(-1).
-265
Let k(n) = 1622590*n - 6. Calculate k(0).
-6
Let v(h) = -h**2 - 80*h + 6806. Give v(-133).
-243
Let d(n) = n**3 - 87*n**2 + 201*n - 619. What is d(84)?
-4903
Let p(o) = o**3 - 101*o**2 - 981*o - 1070. Determine p(110).
-80
Let g(k) = -2*k**3 - 78*k**2 - 18*k - 590. What is g(-39)?
112
Let f(t) = -7*t**2 - 2404*t - 64679. Give f(-314).
5
Let n(q) = 964*q + 4217. Determine n(-5).
-603
Let r(d) = d**2 - 25794*d - 8859093. What is r(-339)?
-6
Let m(r) = -665*r + 3169. Determine m(5).
-156
Let a(o) = -o**3 - 15*o**2 + 62*o + 193. Give a(-21).
1537
Let c(l) = -5*l**2 + 1858*l - 110696. Calculate c(297).
85
Let d(i) = 6864*i**2 + 102955*i - 72. Give d(-15).
3
Let x(y) = y**3 + 92*y**2 - 662*y + 3097. Determine x(-99).
28
Let m(g) = 106*g + 22695. What is m(-210)?
435
Let a(s) = 42990*s + 4814871. Calculate a(-112).
-9
Let g(h) = -603*h**3 - h**2 - 1546*h + 1548. Give g(1).
-602
Let u(o) = -o**3 - 1851*o**2 - 20240*o - 16. Determine u(-1840).
-16
Let v(c) = -4340*c**2 - 43627*c - 2271. Give v(-10).
-1
Let i(o) = -5*o**2 - 16333*o - 324634. Give i(-20).
26
Let v(z) = -3207*z - 28983. Calculate v(-9).
-120
Let o(v) = -3792*v - 60666. What is o(-16)?
6
Let a(x) = -2*x**3 - 27*x**2 + 12*x - 45. What is a(-12)?
-621
Let v(z) = -6*z**2 + 90*z + 24. Determine v(-1).
-72
Let c(d) = 2*d**2 - 759*d + 13415. Determine c(19).
-284
Let k(s) = 540*s - 99380. What is k(184)?
-20
Let a(r) = 9044*r - 99471. What is a(11)?
13
Let k(f) = -6*f**3 - 198*f**2 + 1136*f + 18. Determine k(5).
-2
Let w(t) = 1559*t - 10910. Determine w(7).
3
Let j(y) = 9*y + 770. Determine j(1).
779
Let q(v) = -149*v + 3022. Give q(8).
1830
Let l(b) = -16*b**3 + b**2 + 37*b + 127. Calculate l(-4).
1019
Let t(q) = -1558*q - 520374. Determine t(-334).
-2
Let t(k) = -280*k**3 + 8*k**2 - 1649*k + 3294. Determine t(2).
-2212
Let d(c) = -2*c**2 + 211*c - 286. What is d(100)?
814
Let d(y) = 11*y**2 - 885*y - 1677. Determine d(83).
647
Let b(v) = -1056*v**3 + 3*v**2 + 12*v - 18. Determine b(1).
-1059
Let z(m) = m**3 - 54*m**2 + 577*m + 865. Determine z(17).
-19
Let f(r) = -2*r**2 + 1058*r + 31393. What is f(-29)?
-971
Let g(p) = p**3 + 31*p**2 + 97*p - 284. Calculate g(-10).
846
Let c(v) = 88*v + 1706. Give c(-47).
-2430
Let u(j) = -9252*j - 407500. Calculate u(-44).
-412
Let a(j) = -27128*j + 4014934. What is a(148)?
-10
Let t(z) = -39293*z - 78595. Calculate t(-2).
-9
Let a(h) = 40*h + 768. What is a(-6)?
528
Let u(d) = d**2 + 531*d - 164307. Determine u(219).
-57
Let l(p) = 63*p - 4109. What is l(62)?
-203
Let n(w) = 3*w**3 - 45*w**2 - 223*w + 23. Calculate n(-4).
3
Let c(q) = 15*q**2 - 1324*q + 27907. Give c(54).
151
Let c(w) = 20470*w**2 - 4155415*w + 1011. Give c(203).
-4
Let f(q) = q**2 - 20902*q - 376559. Determine f(-18).
1
Let q(g) = -43940*g - 4965210. Calculate q(-113).
10
Let l(r) = -8*r**2 - 10*r - 224. Determine l(-20).
-3224
Let b(w) = -49605*w + 1190524. Determine b(24).
4
Let s(m) = m**2 - 148*m - 61715. Give s(337).
1978
Let s(f) = -1200*f + 98547. Determine s(82).
147
Let h(x) = 90*x**2 + 4550*x - 2322. Give h(-51).
-282
Let t(x) = -3*x**2 + 284876*x + 5128733. Give t(-18).
-7
Let l(a) = -2*a**2 - 256*a - 7111. Calculate l(-89).
-169
Let i(z) = -12*z**3 + 8*z**2 - 287*z + 542. Determine i(2).
-96
Let a(z) = 4*z**3 + 2*z**2 - 29*z - 121. What is a(0)?
-121
Let i(v) = v**2 + 545*v + 16866. What is i(-33)?
-30
Let m(x) = -23768*x + 308804. Give m(13).
-180
Let y(j) = 4*j**2 + 3994*j + 31700. What is y(-8)?
4
Let z(i) = -641*i - 11010. Give z(-17).
-113
Let a(k) = -13*k**2 + 1170*k + 4849. Calculate a(94).
-39
Let h(f) = -f**3 - 186*f**2 + 2812*f + 2422. Give h(-200).
22
Let s(i) = -3*i**3 + 211*i**2 - 3546*i + 874. Determine s(43).
14
Let h(f) = -580*f - 63153. Give h(-106).
-1673
Let h(c) = 9*c**2 + 277*c - 478. What is h(-32)?
-126
Let z(j) = 349*j - 4154. What is z(14)?
732
Let o(n) = -660*n - 14194. Determine o(-22).
326
Let m(k) = k**3 - 111*k**2 + 140*k - 1682. Determine m(110).
1618
Let q(s) = s**3 - 76*s**2 + 649*s - 7155. Give q(68).
-15
Let j(c) = -3*c**2 - 157*c + 928. What is j(31)?
-6822
Let s(k) = -43*k**2 + 827*k + 2667. Give s(22).
49
Let m(f) = -1129*f + 8024. What is m(7)?
121
Let c(f) = -2*f**3 - 87*f**2 + 658*f + 115. Calculate c(-50).
-285
Let r(u) = u**2 - 56*u - 6598. What is r(119)?
899
Let w(b) = 3*b**2 + 466*b + 1597. What is w(-152)?
77
Let v(o) = 1255*o + 395312. What is v(-315)?
-13
Let o(z) = 800*z + 577669. Give o(-722).
69
Let k(c) = 1313*c + 11783. Give k(-9).
-34
Let v(m) = -666*m**2 + 109244*m - 3277. Calculate v(164).
3
Let b(g) = -g**2 - 24540*g - 98141. Give b(-4).
3
Let x(q) = -2*q**2 + 315*q + 1932. Give x(-6).
-30
Let t(i) = i**3 - 69*i**2 + 332*i + 76. What is t(64)?
844
Let u(o) = -298*o + 168. Calculate u(-3).
1062
Let w(x) = 634*x - 24582. Calculate w(35).
-2392
Let c(a) = a**2 + 25*a - 932. Determine c(26).
394
Let m(b) = -b**3 + 16*b**2 + 66*b + 1413. Calculate m(22).
-39
Let c(g) = g**3 - 2*g**2 - 40*g - 567. Determine c(11).
82
Let i(t) = -t**2 - 94*t + 4170. Give i(36).
-510
Let b(w) = w**3 + 282*w**2 - 7013*w + 568. Calculate b(-305).
-42
Let d(v) = -15*v**2 - 1849*v - 458. What is d(-123)?
34
Let m(o) = -13285*o + 26142. What is m(2)?
-428
Let i(o) = 59*o**2 + 329*o - 2309. Give i(4).
-49
Let g(u) = 151978*u + 60335262. Determine g(-397).
-4
Let i(m) = -6*m**3 - 616*m**2 - 617*m - 1. What is i(-1)?
6
Let b(q) = 85*q**3 - 324*q**2 - 50*q - 7. Give b(4).
49
Let q(x) = 4*x**2 + 1275*x + 29088. Calculate q(-294).
-18
Let l(b) = -4508*b - 292847. Determine l(-65).
173
Let o(g) = -g**2 + 1679*g - 200672. Calculate o(130).
698
Let q(w) = 831*w + 171065. Give q(-206).